e the prime factors of d(37)?
4153
Let i = -362 + 361. Let h(n) = 48*n**3 + 4*n**2 - 4*n + 1. Let y(p) = p**3 + p**2 - p. Let o(k) = -h(k) + 4*y(k). What are the prime factors of o(i)?
43
Let g = -58 + 60. Let j(i) be the second derivative of 7*i**5/10 - i**4/6 + i**3/6 + 2*i**2 - 3*i. List the prime factors of j(g).
2, 5, 11
Let b = 66 + -71. Let o = 10 + b. Suppose -598 = -5*r - 4*p, 0*p = -o*r + p + 613. What are the prime factors of r?
2, 61
Suppose 0 = -m + 12*m - 6165 - 21555. What are the prime factors of m?
2, 3, 5, 7
Suppose -7*s - 2*s + 337111 = 14*s. List the prime factors of s.
14657
Let b(f) = 4218*f - 308. List the prime factors of b(1).
2, 5, 17, 23
Let f = 21248 + 7563. List the prime factors of f.
47, 613
Let i(l) = -13*l**2 + 7*l - 7. Let n(a) = 16*a**2 - 7*a + 9. Let b(c) = 5*i(c) + 4*n(c). Let u be (-2)/(-1*1/3). List the prime factors of b(u).
7
Let g(v) = -38*v**2 + 6*v + 7. Let c(f) = -f**3 + 192*f**2 - 30*f - 34. Let t(i) = -2*c(i) - 11*g(i). What are the prime factors of t(-16)?
599
Let w(z) = -6*z + 3. Let o be w(-3). Let g be (-330)/16 - (-78)/(-208). List the prime factors of 3069/o - (-3)/g.
2, 73
Let b = 771511 - 329521. List the prime factors of (b/162)/((-5)/(-3)).
1637
Suppose -5*q = 2*w + 15, 2*w + 36 = -0*w + 2*q. What are the prime factors of 273 - w*(-6)/18?
2, 67
Let o = 36 - 17. Suppose 161 = -o*g + 9870. What are the prime factors of g?
7, 73
Suppose 3*y = 10 + 2. Suppose -1 = o - y. Suppose 0 = 3*i - 2*l - 29, -4*l + o*l = 1. What are the prime factors of i?
3
Suppose 4*f - 5*j - 2185 = 0, -5*f = -3*j - 3066 + 351. Suppose -4*z + 2*h - 956 = 0, -3*z - 172 - f = -4*h. What are the prime factors of (3/2)/((-6)/z)?
2, 3, 5
Let x(n) = 247*n**3 - n**2 + 24*n + 26. What are the prime factors of x(7)?
2, 42433
Suppose -m + 41 = s, 3*m - 73 = -5*s + 132. Let d = 22 + s. What are the prime factors of 2/9 + 10003/d?
3, 53
Let g be 24/7 - (-3 + 24/7). Suppose g*q + 12*q = 870. What are the prime factors of q?
2, 29
Let c be 24 + (2 - (3 + 0)). Let p(u) = -23 - 22*u - 32 + c - u**2 - 32. List the prime factors of p(-12).
2, 7
Let d = -210 + 188. Let h = 128 - d. List the prime factors of h.
2, 3, 5
Let r = 441 - 250. Suppose t - r = 59. List the prime factors of t.
2, 5
Let s(y) = -y**3 + 42*y**2 - 42*y + 45. Let u be s(41). Let m be 52*((-15)/(-4) - 2). Suppose u*h - m = -39. List the prime factors of h.
13
Let r = -3191 + 15175. List the prime factors of r.
2, 7, 107
Suppose 0 = -4*c - 20, -8*c = -4*y - 12*c + 10752. List the prime factors of y.
2693
Suppose 125*q = 68*q + 6498. Suppose -4*m + 19 = f, -f - m + 13 = -6. Let y = q + f. List the prime factors of y.
7, 19
Suppose -19*f = 54 - 472. Suppose 3*x - 7*i + 3*i = f, 0 = -4*i - 4. Suppose 0 = 3*v + c - x*c - 319, -25 = 5*c. What are the prime factors of v?
2, 7
Suppose -31*k = -75 - 111. What are the prime factors of (-69 + k)/9 - -1415?
2, 11
Suppose 0 = -10*g + 249 + 231. Let s = -43 + g. Let h(q) = q**3 - 11*q - 1. List the prime factors of h(s).
3, 23
Let r(v) = 2*v**3 - 2*v**2 + 3*v + 1. Suppose -4*h = -12*h + 32. What are the prime factors of r(h)?
109
Let t(z) = -174*z**3 - 10*z**2 - 29*z - 21. List the prime factors of t(-4).
11071
Let m = 41 + -120. Let p = m + 82. List the prime factors of p*14*(-5)/(-30).
7
Suppose -4*v = -2*z + 50700, 2*z - 491*v + 486*v - 50701 = 0. What are the prime factors of z?
2, 6337
Suppose 0*c - 49 = c - 3*g, -4*c + 5*g - 175 = 0. Let x = 78 + c. Suppose -l + 25 = -x. List the prime factors of l.
3, 7
Let d = 759 + -769. What are the prime factors of (-160)/64*1156/d?
17
Suppose 2*i = 4*l + 52, 9*i - 4*i - 90 = 2*l. Suppose 0 = -2*n - 0*s + s + i, 4*s = -5*n + 66. List the prime factors of n.
2, 5
Suppose 25 = 13*q - 1. Suppose 9*x - 54 = -2*l + 4*x, -2*l + 60 = q*x. What are the prime factors of l?
2
Let t = -2206 + 2847. What are the prime factors of t?
641
Let d(u) = 1233*u - 8400. What are the prime factors of d(53)?
3, 41, 463
Suppose 17*j + 18 = 26*j. Suppose 7*y = j*y - 2*h + 726, 3*h = -y + 153. What are the prime factors of y?
2, 3
Suppose 50110 = 12*v - 314. What are the prime factors of v?
2, 11, 191
Suppose 50*f - 1308 = 47*f. List the prime factors of 4/12*3 + f.
19, 23
Let j = 2 + 80. Suppose -3*k + j = -k + 2*s, 126 = 3*k + 4*s. List the prime factors of k.
2, 19
Let t = 7930 + -4189. List the prime factors of t.
3, 29, 43
Let p = -10022 + 16141. What are the prime factors of p?
29, 211
Let m(p) = 9*p**2 - 10*p + 9. Suppose -5*j + 27 = 72. Let f = 12 + j. What are the prime factors of m(f)?
2, 3, 5
Suppose 42*u - 41*u + 5*l = 53561, -3*u + 3*l = -160611. What are the prime factors of u?
3, 661
Let a(d) = -d**2 - 5*d + 12. Let p be (8 - (5 - 2))*-1. What are the prime factors of a(p)?
2, 3
Suppose -3*n = -k - 14451, 2*n - n = -5*k + 4849. What are the prime factors of n?
61, 79
Let p(o) = -2*o**2 + 50*o + 6. Let l be p(25). Suppose 1378 = 3*i + 139. Suppose 0 = -s - l*s + i. List the prime factors of s.
59
Let w(u) be the third derivative of 3*u**5/20 - 37*u**4/24 + 5*u**3/2 + 12*u**2 - 2. List the prime factors of w(5).
5, 11
Suppose 55 = -3*i + 574. Let k = 278 - i. What are the prime factors of k?
3, 5, 7
Let t be 5/(-125)*-5 - (-856)/(-5). Let r = 213 - t. What are the prime factors of r?
2, 3
Let i = -312 + 359. Suppose 0 = 48*v - i*v - 1270. List the prime factors of v.
2, 5, 127
Let i(f) = -19*f - 204. Let o be i(-9). Let p be 3/6 - (-231)/(-6). Let t = o - p. What are the prime factors of t?
5
Let v(k) = k**3 + 8*k**2 + 9*k - 8. Let z be v(-7). Let j = 22 + z. Suppose 7*i - 14 - 63 = j. What are the prime factors of i?
11
Suppose -21977*f = -21980*f + 19017. What are the prime factors of f?
3, 2113
Let y(f) = -25*f**2 - f + 2174. List the prime factors of y(0).
2, 1087
Suppose 0 - 3 = 3*v, 4*q + 5*v + 21 = 0. List the prime factors of (451 + q)/(1/1).
3, 149
List the prime factors of (137 - -20015) + -5 + 14.
20161
Let x = 15561 + -4515. List the prime factors of x.
2, 3, 7, 263
Suppose -215*f - 67060 = -112*f - 108*f. List the prime factors of f.
2, 7, 479
Let s(l) = 30*l**3 + 26*l**2 - 388*l - 32. List the prime factors of s(10).
2, 11, 163
Suppose -4*c - 8*h + 7*h + 45705 = 0, 0 = -c - 3*h + 11429. List the prime factors of c.
2, 29, 197
Suppose -15*w = -27 - 18. Suppose 0 = 2*j + w*j - n - 2202, 3*j - 4*n = 1311. List the prime factors of j.
3, 7
Let r(g) = 33*g**2 - 7*g + 7. Let x be r(1). What are the prime factors of 5 + 0 - (x/(-11) + -723)?
17, 43
Suppose -13*g = 279 - 12902. Suppose -2*k - 95 = -g. What are the prime factors of k?
2, 3, 73
Suppose -9*c = 355 - 4. List the prime factors of 6/c - (-3)/39*11546.
2, 3, 37
Let t = 12550 + -8415. What are the prime factors of t?
5, 827
Let i(z) = 615*z**2 - 4*z - 6. Let m be i(-4). What are the prime factors of (15/(-10) + 0)/((-15)/m)?
5, 197
Suppose -1045*u + 1025*u + 269260 = 0. What are the prime factors of u?
13463
Suppose -2*m - 4 = -4*w, -66*w = -62*w - 5*m + 8. Suppose -b + 3*r = -1001, -w*b + 3018 = 3*r - 7*r. What are the prime factors of b?
2, 5, 101
Let j = 659 + -298. Suppose 3*w = j + 731. List the prime factors of w.
2, 7, 13
List the prime factors of (-4 - (-3669000)/460) + (-4)/46.
2, 1993
Suppose 0 = 3*o + 3*d - 21, 65 - 10 = 5*o - 5*d. Suppose 428 = 11*r - o*r. List the prime factors of r.
2, 107
List the prime factors of (2/(-4))/(124186/931620 - (-26)/(-195)).
15527
Suppose 21 + 31 = -13*t. List the prime factors of (-71)/((-279)/585 - t/10).
13, 71
What are the prime factors of (16734 - 0)/((-477)/(-636))?
2, 2789
Suppose -45*v + 63*v + 90915 = 75*v. What are the prime factors of v?
5, 11, 29
Suppose -5*n + 1486 = -2*o, -74 = -n + 2*o + 220. Let l = n - 207. List the prime factors of l.
7, 13
Let w = -2203 - -16384. List the prime factors of w.
3, 29, 163
Let i(l) = 2*l**2 + 128*l - 160. What are the prime factors of i(-69)?
2, 5, 53
Let d be (-3)/(6/14)*-1. Let y = 2745 + -2739. Suppose y = d*w - 22. What are the prime factors of w?
2
Let t = 2691 + -663. List the prime factors of t.
2, 3, 13
Suppose -7*j - 925 = 5*a - 5*j, -4*a - 740 = -3*j. List the prime factors of a/(-1)*-6*1/(-2).
3, 5, 37
Let r be (-9 + (12 - 0))/(3/(-5)). What are the prime factors of (3 + 1224)/(r/(-5))?
3, 409
Let t(p) = p**3 - 12*p**2 + 6*p 